{"id":30411,"date":"2025-06-11T07:00:07","date_gmt":"2025-06-11T12:00:07","guid":{"rendered":"https:\/\/podernacional.com\/?page_id=30411"},"modified":"2025-06-11T09:53:04","modified_gmt":"2025-06-11T14:53:04","slug":"pronostican-chubascos-y-lluvias-fuertes-en-el-norte-de-mexico","status":"publish","type":"page","link":"https:\/\/podernacional.com\/?page_id=30411","title":{"rendered":"Pronostican chubascos y lluvias fuertes en el norte de M\u00e9xico"},"content":{"rendered":"<p>\ud83d\udd38Continuar\u00e1 el ambiente caluroso a muy caluroso sobre gran parte de la Rep\u00fablica Mexicana; tambi\u00e9n prevalecer\u00e1 la onda de calor.<\/p>\n<p>#NACIONAL\ud83c\uddf2\ud83c\uddfd II Buenos d\u00edas \u2600\ufe0f ll El Servicio Meteorol\u00f3gico Nacional informa que durante este d\u00eda, un sistema frontal en combinaci\u00f3n con una vaguada en altura e inestabilidad atmosf\u00e9rica, propiciar\u00e1n chubascos y lluvias fuertes en el norte de M\u00e9xico; con lluvias puntuales muy fuertes en Coahuila, Nuevo Le\u00f3n y Tamaulipas.<\/p>\n<p>Asimismo, se prev\u00e9n fuertes rachas de viento y posible formaci\u00f3n de torbellinos o tornados en Coahuila (norte), Nuevo Le\u00f3n (norte) y Tamaulipas (noroeste).<br \/>\nDurante la noche, dicho sistema frontal se desplazar\u00e1 hacia Texas, Estados Unidos y dejar\u00e1 de afectar al pa\u00eds.<\/p>\n<p>Por otra parte, canales de baja presi\u00f3n sobre la Mesa del Norte, la Mesa Central, el sureste mexicano y la Pen\u00ednsula de Yucat\u00e1n, en interacci\u00f3n con el ingreso de humedad del golfo de M\u00e9xico, mar Caribe y oc\u00e9ano Pac\u00edfico, adem\u00e1s de inestabilidad atmosf\u00e9rica; ocasionar\u00e1n lluvias fuertes a muy fuertes con descargas el\u00e9ctricas y posible ca\u00edda de granizo sobre dichas regiones y el sur del territorio nacional, por esto se pronostican lluvias puntuales intensas en Michoac\u00e1n y Guerrero.<\/p>\n<p>Simult\u00e1neamente, una zona de baja presi\u00f3n con probabilidad para desarrollo cicl\u00f3nico al sur de Oaxaca, reforzar\u00e1 la probabilidad de lluvias puntuales intensas en Chiapas y Oaxaca.<\/p>\n<p>Continuar\u00e1 el ambiente caluroso a muy caluroso sobre gran parte de la Rep\u00fablica Mexicana. Asimismo, prevalecer\u00e1 la onda de calor en Sonora (sur), Chihuahua (este y sureste), Coahuila (suroeste), Zacatecas (norte y sur), Durango (noreste y suroeste), Sinaloa (centro y sur), Nayarit (norte), Jalisco (centro y sureste), Michoac\u00e1n (suroeste y sureste), Guerrero (centro y sur), Oaxaca (centro y sur), Veracruz (centro) y Campeche (noroeste y suroeste).<\/p>\n","protected":false},"excerpt":{"rendered":"<p>\ud83d\udd38Continuar\u00e1 el ambiente caluroso a muy caluroso sobre gran parte de la Rep\u00fablica Mexicana; tambi\u00e9n prevalecer\u00e1 la onda de calor. #NACIONAL\ud83c\uddf2\ud83c\uddfd II Buenos d\u00edas \u2600\ufe0f ll El Servicio Meteorol\u00f3gico Nacional informa que durante este d\u00eda, un sistema frontal en combinaci\u00f3n con una vaguada en altura e inestabilidad atmosf\u00e9rica, propiciar\u00e1n chubascos y lluvias fuertes en el [&hellip;]<\/p>\n","protected":false},"author":1,"featured_media":30413,"parent":0,"menu_order":0,"comment_status":"open","ping_status":"closed","template":"","meta":{"footnotes":""},"class_list":["post-30411","page","type-page","status-publish","has-post-thumbnail","hentry"],"_links":{"self":[{"href":"https:\/\/podernacional.com\/index.php?rest_route=\/wp\/v2\/pages\/30411","targetHints":{"allow":["GET"]}}],"collection":[{"href":"https:\/\/podernacional.com\/index.php?rest_route=\/wp\/v2\/pages"}],"about":[{"href":"https:\/\/podernacional.com\/index.php?rest_route=\/wp\/v2\/types\/page"}],"author":[{"embeddable":true,"href":"https:\/\/podernacional.com\/index.php?rest_route=\/wp\/v2\/users\/1"}],"replies":[{"embeddable":true,"href":"https:\/\/podernacional.com\/index.php?rest_route=%2Fwp%2Fv2%2Fcomments&post=30411"}],"version-history":[{"count":1,"href":"https:\/\/podernacional.com\/index.php?rest_route=\/wp\/v2\/pages\/30411\/revisions"}],"predecessor-version":[{"id":30412,"href":"https:\/\/podernacional.com\/index.php?rest_route=\/wp\/v2\/pages\/30411\/revisions\/30412"}],"wp:featuredmedia":[{"embeddable":true,"href":"https:\/\/podernacional.com\/index.php?rest_route=\/wp\/v2\/media\/30413"}],"wp:attachment":[{"href":"https:\/\/podernacional.com\/index.php?rest_route=%2Fwp%2Fv2%2Fmedia&parent=30411"}],"curies":[{"name":"wp","href":"https:\/\/api.w.org\/{rel}","templated":true}]}}